3 + 5*i**2 - 2*i - 9. Suppose -3 - 7 = 2*p. Let k be o(p). What are the prime factors of (-5 + 11)*(17/2 - k)?
3, 5
Let x(q) = q**2 + 17*q - 10. Let r be x(-7). Let s be r - (0 - (-2 - 0)). What are the prime factors of (-1 + 1 - s) + -3?
79
Let s(i) = i**3 - 8*i**2 - 13*i + 6. Let l be 52/12 - 5 - 10/3. Let p(f) = f**3 + 4*f**2 - 2*f + 2. Let q be p(l). List the prime factors of s(q).
2, 19
Suppose 5*t = -2*a + 17, -a + 3*a = 4*t + 8. Let b(v) = 2*v**2 - 3. Let d be b(a). Suppose 0 = n + 2*n - d. List the prime factors of n.
23
Let k(d) = -d**3 + 106*d**2 - 35*d + 1493. List the prime factors of k(105).
37, 239
Suppose 20*v = -190 - 210. List the prime factors of (3 + -2)*v*(-1434)/24.
5, 239
Suppose 4*l - 3*d = 2360 + 9169, l - 2874 = -2*d. List the prime factors of l.
2, 3, 5
Let s = -69026 - -120995. What are the prime factors of s?
3, 17, 1019
Let p(c) = -39*c - 55. Let n be p(-6). Let s = 212 + n. List the prime factors of s.
17, 23
Let p = 471 - 44. Let m = p - -158. What are the prime factors of m?
3, 5, 13
Let z = 13404 + -742. What are the prime factors of z?
2, 13, 487
Suppose 49*j - 14*j - 7840 = 0. Let b be (0 - (1 + 56))*(-2)/6. Suppose -b = -i + j. What are the prime factors of i?
3
Let t be 4/(4 + -5 + 0) - -1045. Let w = 1749 - t. What are the prime factors of w?
2, 3, 59
Let h be 573*(-2 - 7*3/(-9)). Suppose 0 = -h*i + 185*i + 2958. What are the prime factors of i?
17, 29
Let y = -2889 + 4839. Suppose 0 = -3*i - 4*r - 522 + 2451, -3*r - y = -3*i. List the prime factors of i.
647
Let v(k) = k**2 - k - 8. Let w be v(4). Suppose -169 = -w*h + 147. Suppose 75 + h = 2*o. List the prime factors of o.
7, 11
Let r be -8*(-3 + 35/14). Let p(g) = -2*g + 33. What are the prime factors of p(r)?
5
Suppose 8*c - 13 - 19 = 0. Let w be (-2)/((-15)/5 + c). List the prime factors of (-3)/(212/(-582) + w/(-6)).
97
Let g(r) = 42*r**2 + 22*r + 112. Let k be g(-7). Suppose 7*d = 5502 - k. What are the prime factors of d?
2, 3, 83
Let i(s) = 9718*s + 1059. What are the prime factors of i(2)?
5, 4099
Let b(d) = -d**2 - 6*d + 44. Let c be b(-10). What are the prime factors of 343 + 0 + (c - -2 - 10)?
3, 113
Let d = 26843 - 16003. List the prime factors of d.
2, 5, 271
Let m = -746 - -743. Suppose 4*c - 3*c = -1. What are the prime factors of m/6*226/c?
113
Let x = 37 - 30. Suppose x*d - 1809 = -2*d. Suppose 4*t - d = 5*n, 4*t - n - 197 = -0*t. List the prime factors of t.
7
Let r = 122 + 629. Suppose -2*z - r = -5*c - 124, 4*z + 129 = c. What are the prime factors of c?
5
Suppose -130*r + 727 = -129*r. Let k = r + -299. What are the prime factors of k?
2, 107
Let b(h) be the second derivative of 7/6*h**3 + 42*h - 1/20*h**5 + 19/12*h**4 + 0 + 29/2*h**2. What are the prime factors of b(19)?
2, 3
Suppose -5*b - 15 - 9 = -4*o, 5*o - 30 = -b. Let d be (-3)/o*1*158. Let l = -26 - d. List the prime factors of l.
53
Let k(p) = -4*p + 82. Let l be k(-9). List the prime factors of l - 4/6*3/2.
3, 13
Let u be ((-8)/(-6))/4 + 58/(-3). Let n = -126 - u. Let g = 3 - n. What are the prime factors of g?
2, 5, 11
Suppose -5*i + 80 = 2*a, -4*a + 3*i = -i - 132. Suppose -a*t + 25*t + 14830 = 0. What are the prime factors of t?
1483
Suppose -9*q = 4069 + 19196. Let n = 3825 + q. What are the prime factors of n?
2, 5, 31
Suppose 42*s - 275740 + 84976 = 0. List the prime factors of s.
2, 3, 757
Let b(l) = 40*l + 5. Let t be b(-1). Let h be -3 - 7/(t/1640). Suppose -10*w - h = -15*w. List the prime factors of w.
5, 13
Let k be (4/(-5))/((-8)/(-480)). Let g = k - -42. List the prime factors of g + 8 + (-39)/(-1).
41
Suppose 2*g + 857 - 3829 = 0. What are the prime factors of (-100)/25*g/(-8)?
743
List the prime factors of (-14)/1 + (-29897)/(-7).
3, 11, 43
Suppose 7*h = 10 - 31. Let k be h + 3/3 - -6. What are the prime factors of (k + -3 - 78)/(-1)?
7, 11
Let n(w) = -970*w + 211. What are the prime factors of n(-8)?
3, 2657
List the prime factors of (426 + 1)/((-124)/(-930)*(-10)/(-28)).
3, 7, 61
List the prime factors of 2454*(-25760)/896*(-2 - 8/(-5)).
3, 23, 409
Suppose -2*c + 71 = 71. Suppose c = 4*n + 2*i - 20, 5*i = 5*n + 2*i - 14. Suppose n*y - 9*y = -3*w - 747, 4*w = -4*y + 604. List the prime factors of y.
2, 3, 5
Suppose -40*k = -50*k + 20. What are the prime factors of k/((-5)/(8410/(-4)))?
29
Let d(q) = -25*q**2 + 19*q - 2. Let z(x) = -12*x**2 + 9*x - 1. Let f(n) = 3*d(n) - 7*z(n). Suppose 28*u = -3*u + 93. What are the prime factors of f(u)?
2
Let m(l) = -l**3 + 8*l**2 - 3*l - 36. Let h be m(7). What are the prime factors of (-5)/10*h + (327 - -4)?
5, 67
Let p(g) = g**2 + 25*g - 80. Let t be p(-28). What are the prime factors of (108/(-10))/9*(-3890)/t?
3, 389
Let t = 66 + -33. Let i = 33 - t. Suppose 0 = 2*j - 4, -3*d + i*j + 2*j + 512 = 0. List the prime factors of d.
2, 43
Let o(d) = -5*d - 36. Let k be o(-8). Suppose -4*j + 16 = -k. Suppose 3*i - 920 = -j*i. What are the prime factors of i?
5, 23
Let x = -118 + 170. Let k = 57 - x. Suppose -411 = -k*i + 64. What are the prime factors of i?
5, 19
Let r be (27 - -1)*(-12)/(-14). Suppose 0 = -s + r + 2. Suppose 0 = -s*h + 29*h - 267. List the prime factors of h.
89
Let l(o) = 411*o**2 + 76*o + 189. List the prime factors of l(-8).
5, 31, 167
Let f = 26 + -26. Let d be 32/(-2) - f/(-1 - 0). Let g = 23 + d. List the prime factors of g.
7
Let g(y) = -y**3 - 74*y**2 - 58*y - 1574. List the prime factors of g(-80).
2, 3, 6911
Let t be (1/(12/(-272)))/((-5)/(-240)). Let a = t - -2294. List the prime factors of a.
2, 3, 67
Let j(q) = -83*q - 7414. List the prime factors of j(-101).
3, 17, 19
Let q(v) = 8*v**2 - 128*v + 17. Let o be q(11). What are the prime factors of (2/(10/o))/((-23)/115)?
3, 47
Let g = 2008 - 1948. Let b = -97 + 244. Suppose 9*y - b = g. What are the prime factors of y?
23
Let x = 42 - 38. Let s be 3 + (x/1 - 7). Suppose n - 4 = s, -3*t - n + 89 = -5*n. List the prime factors of t.
5, 7
Let s(k) = 3723*k**2 + 19*k + 37. What are the prime factors of s(-2)?
14891
Let g(s) = -s**3 - 35*s**2 + 66*s + 351. What are the prime factors of g(-39)?
3, 11, 13
Let h = 2478 - 4752. Let o = h + 3624. What are the prime factors of o?
2, 3, 5
Let o(m) = m**2 - 15*m - 23. Let j be o(16). Let v be 14/j*(1 - 40). Let l = 149 - v. What are the prime factors of l?
71
Suppose 0 = -16*c + 153 + 71. Suppose 0 = c*u - 427 + 63. List the prime factors of u.
2, 13
Let n = 226 + -153. Let s = n - 58. Let g(m) = 6*m + 40. List the prime factors of g(s).
2, 5, 13
Suppose 4*b = -7*j + 15, 3*j + 2*j - 9 = -2*b. Suppose 4*p + 4*k - 6425 = -k, -b*p + 2*k + 3190 = 0. What are the prime factors of p?
2, 5
Let b(o) = 578*o**3 - o**2 + 3*o - 3. Let w(c) = 19*c + 267. Let t be w(-14). What are the prime factors of b(t)?
577
Let o(c) = -151*c + 233. What are the prime factors of o(-28)?
3, 1487
Suppose -20*f + 577925 = -9*f + 14*f. What are the prime factors of f?
23117
Let z(f) = f**2 + 16*f + 23. Let i be z(-13). Let y = -14 - i. What are the prime factors of -2 - 2/(y/(-51))?
7
Let a = 738 + -305. Let l = a + -270. Suppose -1 = 3*o - l. What are the prime factors of o?
2, 3
Let h(x) = 2*x**2 - 55*x + 30. Let w be h(27). Suppose w*c - p - 462 = 2*p, 0 = -2*c - 3*p + 313. What are the prime factors of c?
5, 31
Let p(u) = 6*u + 22. Let a be p(11). Let q(l) = 10*l + 4. Let z be q(4). Let s = a - z. What are the prime factors of s?
2, 11
Suppose 0*i + 0*i - 200424 = -21*i. What are the prime factors of i?
2, 1193
Let r(o) = 4*o + 52. Let b be r(-12). Suppose -4*h + b*c = 16, -2*c = 3*h + 2 - 0. List the prime factors of 92/((-3)/6 + (-5)/h).
2, 23
Let t = -21842 - -47075. List the prime factors of t.
3, 13, 647
Suppose -g - 4*d = -6 - 27, 99 = 5*g - 2*d. Suppose 3*a + 368 = 4*a. Suppose -g*v = -13*v - a. List the prime factors of v.
2, 23
Suppose 0 = -18*t + 12*t - 5544. Let u = -532 - t. List the prime factors of u.
2, 7
What are the prime factors of 35355/3 - 5/(60/84)?
2, 3, 13, 151
Let a(m) = 79*m**2 + m - 3. Let x be a(2). Suppose -4*g = -o + x, 3*g + 1643 = 6*o - o. What are the prime factors of o?
331
Let c(p) = 1750*p - 46. What are the prime factors of c(6)?
2, 5227
Let a = -164 - -870. Let z = -413 + a. List the prime factors of z.
293
Suppose 718*p = 710*p. Suppose -o + 4*g + 715 = p, -204 = -o - g + 536. List the prime 